{"id":112,"date":"2023-02-09T20:30:34","date_gmt":"2023-02-09T20:30:34","guid":{"rendered":"https:\/\/ristorante-fratelli.de\/?page_id=112"},"modified":"2026-04-05T16:14:01","modified_gmt":"2026-04-05T16:14:01","slug":"fratelli","status":"publish","type":"page","link":"https:\/\/ristorante-fratelli.de\/","title":{"rendered":"Fratelli"},"content":{"rendered":"\n<h1 class=\"wp-block-heading has-text-align-center\">Fratelli<\/h1>\n\n\n\n<h2 class=\"wp-block-heading has-text-align-center\"><\/h2>\n\n\n\n<h3 class=\"wp-block-heading has-text-align-center\">ristorante-pizzeria<\/h3>\n\n\n\n<p><\/p>\n\n\n\n<p><\/p>\n\n\n\n<h4 class=\"wp-block-heading has-text-align-center\">dal 2008                                              &#8221;  Essen ist ein bedurfnis,genie\u00dfen ist eine kunst&#8221;<\/h4>\n\n\n\n<p><\/p>\n\n\n\n<p><\/p>\n\n\n\n<h5 class=\"wp-block-heading has-text-align-center\">benvenuti!<\/h5>\n\n\n\n<p><\/p>\n\n\n\n<p><\/p>\n\n\n\n<h6 class=\"wp-block-heading has-text-align-center\">herzlich willkommen!<\/h6>\n\n\n\n<p><\/p>\n\n\n\n<p><\/p>\n\n\n\n<p><\/p>\n\n\n\n<p><\/p>\n\n\n\n<p class=\"has-text-align-center\">  Sch\u00fctzenstra\u00dfe 54-12165 Berlin<\/p>\n\n\n\n<p class=\"has-text-align-center\">Telefon: 030 88 76 20 45 Mobil:0172 935 46 32<\/p>\n\n\n\n<p class=\"has-text-align-center\">Mail:franco.murati1@gmail.com<\/p>\n\n\n\n<p class=\"has-text-align-center\">T\u00e4glich ge\u00f6ffnet von 12:00 Uhr bis 23:00 Uhr<\/p>\n\n\n\n<p class=\"has-text-align-center\">Montags geschlossen<\/p>\n\n\n\n<hr class=\"wp-block-separator has-css-opacity is-style-default\"\/>\n\n\n\n<div class=\"wp-block-uagb-testimonial uagb-slick-carousel uagb-tm__arrow-outside uagb-block-88d8af99\"><div class=\"is-carousel uagb-tm__columns-1 uagb-tm__items\"><div class=\"uagb-testimonial__wrap  uagb-tm__imgicon-style-circle uagb-tm__image-position-bottom uagb-tm__bg-type-none \"><div class=\"uagb-tm__content\"><div class=\"uagb-tm__overlay\"><\/div><div class=\"uagb-tm__text-wrap\"><div class=\"uagb-tm__desc\">Lieber Francesco, herzlichen Gl\u00fcckwunsch zu Deinem 65. Geburtstag!<br>Deine Leidenschaft f\u00fcr die Gastronomie, Deine Liebe zu gutem Essen und Trinken und Dein Talent, Menschen zusammenzubringen, machen Dich zu einem echten Gastgeber und Freund mit Herz. Du hast unz\u00e4hlige Momente des Genusses geschaffen und viele Geschichten an den Tischen Deinem Ristorante Fratelli geschrieben.<br>Heute sto\u00dfen wir auf Dich an &#8211; auf Deine Lebensfreude, Deine Erfolge und all die kommenden sch\u00f6nen Momente. M\u00f6gen Gesundheit, Gl\u00fcck und viele weitere erf\u00fcllte Jahre Dich begleiten!<br>Lass Dich feiern und genie\u00dfe diesen besonderen Tag in vollen Z\u00fcgen!<br>Deine Fratelli Family<br>\u201eEssen ist ein Bed\u00fcrfnis, Genie\u00dfen ist eine Kunst.&#8221;<br><\/div><div class=\"uagb-tm__meta-inner\"><div class=\"uagb-testimonial-details\"><span class=\"uagb-tm__author-name\"> <\/span><span class=\"uagb-tm__company\"><\/span><\/div><\/div><\/div><\/div><\/div><div class=\"uagb-testimonial__wrap  uagb-tm__imgicon-style-circle uagb-tm__image-position-bottom uagb-tm__bg-type-none \"><div class=\"uagb-tm__content\"><div class=\"uagb-tm__overlay\"><\/div><div class=\"uagb-tm__text-wrap\"><div class=\"uagb-tm__desc\"><strong>&#8220;Ein ausgezeichnetes Restaurant mit leckerem Essen und sch\u00f6ner Atmosph\u00e4re!&#8221;<\/strong><br><br><br><br><\/div><div class=\"uagb-tm__meta-inner\"><div class=\"uagb-testimonial-details\"><span class=\"uagb-tm__author-name\"><\/span><span class=\"uagb-tm__company\">Company Name<\/span><\/div><\/div><\/div><\/div><\/div><div class=\"uagb-testimonial__wrap  uagb-tm__imgicon-style-circle uagb-tm__image-position-bottom uagb-tm__bg-type-none \"><div class=\"uagb-tm__content\"><div class=\"uagb-tm__overlay\"><\/div><div class=\"uagb-tm__text-wrap\"><div class=\"uagb-tm__desc\"><strong>&#8220;Tolles Essen, freundlicher Service und gem\u00fctliche Atmosph\u00e4re!&#8221;<\/strong><br><br><br><br><\/div><div class=\"uagb-tm__meta-inner\"><div class=\"uagb-testimonial-details\"><span class=\"uagb-tm__author-name\"><\/span><span class=\"uagb-tm__company\">Company Name<\/span><\/div><\/div><\/div><\/div><\/div><\/div><\/div>\n\n\n\n<p><\/p>\n","protected":false},"excerpt":{"rendered":"<p>Fratelli ristorante-pizzeria dal 2008 &#8221; Essen ist ein bedurfnis,genie\u00dfen ist eine kunst&#8221; benvenuti! herzlich willkommen! Sch\u00fctzenstra\u00dfe 54-12165 Berlin Telefon: 030 88 76 20 45 Mobil:0172 935 46 32 Mail:franco.murati1@gmail.com T\u00e4glich ge\u00f6ffnet von 12:00 Uhr bis 23:00 Uhr Montags geschlossen<\/p>\n","protected":false},"author":1,"featured_media":0,"parent":0,"menu_order":0,"comment_status":"closed","ping_status":"closed","template":"","meta":{"_uag_custom_page_level_css":"","site-sidebar-layout":"default","site-content-layout":"","ast-site-content-layout":"default","site-content-style":"default","site-sidebar-style":"default","ast-global-header-display":"","ast-banner-title-visibility":"","ast-main-header-display":"","ast-hfb-above-header-display":"","ast-hfb-below-header-display":"","ast-hfb-mobile-header-display":"","site-post-title":"","ast-breadcrumbs-content":"","ast-featured-img":"","footer-sml-layout":"","ast-disable-related-posts":"","theme-transparent-header-meta":"","adv-header-id-meta":"","stick-header-meta":"","header-above-stick-meta":"","header-main-stick-meta":"","header-below-stick-meta":"","astra-migrate-meta-layouts":"set","ast-page-background-enabled":"default","ast-page-background-meta":{"desktop":{"background-color":"var(--ast-global-color-4)","background-image":"","background-repeat":"repeat","background-position":"center center","background-size":"auto","background-attachment":"scroll","background-type":"","background-media":"","overlay-type":"","overlay-color":"","overlay-opacity":"","overlay-gradient":""},"tablet":{"background-color":"","background-image":"","background-repeat":"repeat","background-position":"center center","background-size":"auto","background-attachment":"scroll","background-type":"","background-media":"","overlay-type":"","overlay-color":"","overlay-opacity":"","overlay-gradient":""},"mobile":{"background-color":"","background-image":"","background-repeat":"repeat","background-position":"center center","background-size":"auto","background-attachment":"scroll","background-type":"","background-media":"","overlay-type":"","overlay-color":"","overlay-opacity":"","overlay-gradient":""}},"ast-content-background-meta":{"desktop":{"background-color":"var(--ast-global-color-5)","background-image":"","background-repeat":"repeat","background-position":"center center","background-size":"auto","background-attachment":"scroll","background-type":"","background-media":"","overlay-type":"","overlay-color":"","overlay-opacity":"","overlay-gradient":""},"tablet":{"background-color":"var(--ast-global-color-5)","background-image":"","background-repeat":"repeat","background-position":"center center","background-size":"auto","background-attachment":"scroll","background-type":"","background-media":"","overlay-type":"","overlay-color":"","overlay-opacity":"","overlay-gradient":""},"mobile":{"background-color":"var(--ast-global-color-5)","background-image":"","background-repeat":"repeat","background-position":"center center","background-size":"auto","background-attachment":"scroll","background-type":"","background-media":"","overlay-type":"","overlay-color":"","overlay-opacity":"","overlay-gradient":""}},"footnotes":""},"class_list":["post-112","page","type-page","status-publish","hentry"],"uagb_featured_image_src":{"full":false,"thumbnail":false,"medium":false,"medium_large":false,"large":false,"1536x1536":false,"2048x2048":false},"uagb_author_info":{"display_name":"semire","author_link":"https:\/\/ristorante-fratelli.de\/index.php\/author\/semire\/"},"uagb_comment_info":0,"uagb_excerpt":"Fratelli ristorante-pizzeria dal 2008 &#8221; Essen ist ein bedurfnis,genie\u00dfen ist eine kunst&#8221; benvenuti! herzlich willkommen! Sch\u00fctzenstra\u00dfe 54-12165 Berlin Telefon: 030 88 76 20 45 Mobil:0172 935 46 32 Mail:franco.murati1@gmail.com T\u00e4glich ge\u00f6ffnet von 12:00 Uhr bis 23:00 Uhr Montags geschlossen","_links":{"self":[{"href":"https:\/\/ristorante-fratelli.de\/index.php\/wp-json\/wp\/v2\/pages\/112","targetHints":{"allow":["GET"]}}],"collection":[{"href":"https:\/\/ristorante-fratelli.de\/index.php\/wp-json\/wp\/v2\/pages"}],"about":[{"href":"https:\/\/ristorante-fratelli.de\/index.php\/wp-json\/wp\/v2\/types\/page"}],"author":[{"embeddable":true,"href":"https:\/\/ristorante-fratelli.de\/index.php\/wp-json\/wp\/v2\/users\/1"}],"replies":[{"embeddable":true,"href":"https:\/\/ristorante-fratelli.de\/index.php\/wp-json\/wp\/v2\/comments?post=112"}],"version-history":[{"count":77,"href":"https:\/\/ristorante-fratelli.de\/index.php\/wp-json\/wp\/v2\/pages\/112\/revisions"}],"predecessor-version":[{"id":758,"href":"https:\/\/ristorante-fratelli.de\/index.php\/wp-json\/wp\/v2\/pages\/112\/revisions\/758"}],"wp:attachment":[{"href":"https:\/\/ristorante-fratelli.de\/index.php\/wp-json\/wp\/v2\/media?parent=112"}],"curies":[{"name":"wp","href":"https:\/\/api.w.org\/{rel}","templated":true}]}}